{"id":8,"date":"2024-03-08T09:50:58","date_gmt":"2024-03-08T09:50:58","guid":{"rendered":"https:\/\/www.sarapalvelut.fi\/?page_id=8"},"modified":"2026-04-12T20:11:12","modified_gmt":"2026-04-12T20:11:12","slug":"tietoja","status":"publish","type":"page","link":"https:\/\/www.sarapalvelut.fi\/index.php\/tietoja\/","title":{"rendered":"Lounasravintola"},"content":{"rendered":"\n<div class=\"wp-block-cover alignfull\" style=\"min-height:436px;aspect-ratio:unset;\"><img loading=\"lazy\" decoding=\"async\" width=\"2560\" height=\"1707\" class=\"wp-block-cover__image-background wp-image-77\" alt=\"\" src=\"http:\/\/www.sarapalvelut.fi\/wp-content\/uploads\/2024\/01\/DSC_0050-scaled.jpg\" data-object-fit=\"cover\" srcset=\"https:\/\/www.sarapalvelut.fi\/wp-content\/uploads\/2024\/01\/DSC_0050-scaled.jpg 2560w, https:\/\/www.sarapalvelut.fi\/wp-content\/uploads\/2024\/01\/DSC_0050-300x200.jpg 300w\" sizes=\"auto, (max-width: 2560px) 100vw, 2560px\" \/><span aria-hidden=\"true\" class=\"wp-block-cover__background has-nv-site-bg-background-color has-background-dim\"><\/span><div class=\"wp-block-cover__inner-container is-layout-flow wp-block-cover-is-layout-flow\">\n<h1 class=\"wp-block-heading has-text-align-left has-large-font-size\"><mark style=\"background-color:rgba(0, 0, 0, 0)\" class=\"has-inline-color has-nv-dark-bg-color\">LOUNASRAVINTOLA SARA<\/mark><\/h1>\n<\/div><\/div>\n\n\n\n<div style=\"height:55px\" aria-hidden=\"true\" class=\"wp-block-spacer\"><\/div>\n\n\n\n<div class=\"wp-block-cover alignfull is-light\" style=\"min-height:600px;aspect-ratio:unset;\"><span aria-hidden=\"true\" class=\"wp-block-cover__background has-nv-light-bg-background-color has-background-dim-100 has-background-dim\"><\/span><div class=\"wp-block-cover__inner-container is-layout-flow wp-block-cover-is-layout-flow\">\n<div class=\"wp-block-group\"><div class=\"wp-block-group__inner-container is-layout-flow wp-block-group-is-layout-flow\">\n<div class=\"wp-block-columns are-vertically-aligned-center is-layout-flex wp-container-core-columns-is-layout-9d6595d7 wp-block-columns-is-layout-flex\">\n<div class=\"wp-block-column is-vertically-aligned-center is-layout-flow wp-block-column-is-layout-flow\" style=\"flex-basis:50%\"><div class=\"wp-block-image size-large\">\n<figure class=\"alignleft size-full\"><img decoding=\"async\" src=\"http:\/\/www.sarapalvelut.fi\/wp-content\/uploads\/2024\/01\/DSC_0095.jpg\" alt=\"\" class=\"wp-image-48\"\/><\/figure>\n<\/div><\/div>\n\n\n\n<div class=\"wp-block-column is-vertically-aligned-center is-layout-flow wp-block-column-is-layout-flow\" style=\"flex-basis:50%\">\n<div style=\"height:72px\" aria-hidden=\"true\" class=\"wp-block-spacer\"><\/div>\n\n\n\n<h2 class=\"wp-block-heading has-neve-text-color-color has-text-color\">Herkullista ruokaa omasta keitti\u00f6st\u00e4<\/h2>\n\n\n\n<p>Lounasravintola SARA tarjoaa raikkaat salaatit, herkulliset l\u00e4mpim\u00e4t ruuat ja maistuvat j\u00e4lkiruoat kaikille hyv\u00e4n ruoan yst\u00e4ville. Valmistamme kaikki ruoat omassa keitti\u00f6ss\u00e4 \u2013 maukas ja ravitseva ruoka palvelulupauksenamme. Meilt\u00e4 ostat my\u00f6s mukaan tuoreet leivonnaiset vaikkapa p\u00e4iv\u00e4kahville. Lounasravintolamme sijaitsee Sarahovin kiinteist\u00f6ss\u00e4, Laukaan keskustan tuntumassa. Voit tilata lounasta my\u00f6s mukaan ja ostaa edellisen p\u00e4iv\u00e4n h\u00e4vikkiruokaa suoraan kassalta. K\u00e4yt\u00f6ss\u00e4mme on my\u00f6s lounaspassi, johon ker\u00e4\u00e4m\u00e4ll\u00e4 9 leimaa saat kymmenennen lounaan veloituksetta.<\/p>\n\n\n\n<p>Kuluvan viikon lounaslistan l\u00f6yd\u00e4t <a href=\"http:\/\/www.sarapalvelut.fi\/wp-content\/uploads\/2026\/04\/Kopio-6vk-lounaslistat-Paivitetty-23.png\">t\u00e4\u00e4lt\u00e4.<\/a> Lounasp\u00f6yt\u00e4 sis\u00e4lt\u00e4\u00e4 runsaan salaattip\u00f6yd\u00e4n, leiv\u00e4t, juomat ja j\u00e4lkiruoan. Lounas on tarjolla ma-pe klo 11-13.<\/p>\n\n\n\n<p><strong>Huom!&nbsp;<\/strong>Viikonloppulounas ei ole katettuna linjastolle, mutta valmiin annoksen voi noutaa mukaan keitti\u00f6n ovelta klo 11-12.<\/p>\n\n\n\n<p>Lounaan hinta ma-su 10,90\u20ac. Alle 3v ilmainen.<\/p>\n\n\n\n<p>Pid\u00e4t\u00e4mme oikeuden muutoksiin.<\/p>\n<\/div>\n<\/div>\n<\/div><\/div>\n<\/div><\/div>\n\n\n\n<div style=\"height:55px\" aria-hidden=\"true\" class=\"wp-block-spacer\"><\/div>\n\n\n\n<div class=\"wp-block-cover alignfull is-light\" style=\"min-height:706px;aspect-ratio:unset;\"><span aria-hidden=\"true\" class=\"wp-block-cover__background has-nv-dark-bg-background-color has-background-dim-100 has-background-dim\"><\/span><div class=\"wp-block-cover__inner-container is-layout-flow wp-block-cover-is-layout-flow\">\n<div class=\"wp-block-group\"><div class=\"wp-block-group__inner-container is-layout-flow wp-block-group-is-layout-flow\">\n<div style=\"height:30px\" aria-hidden=\"true\" class=\"wp-block-spacer\"><\/div>\n\n\n\n<div class=\"wp-block-columns are-vertically-aligned-center is-layout-flex wp-container-core-columns-is-layout-9d6595d7 wp-block-columns-is-layout-flex\">\n<div class=\"wp-block-column is-vertically-aligned-center is-layout-flow wp-block-column-is-layout-flow\" style=\"flex-basis:50%\">\n<h2 class=\"wp-block-heading has-nv-text-dark-bg-color has-text-color\">Ihanat leivonnaiset arkeen tai juhlaan<\/h2>\n\n\n\n<p class=\"has-nv-text-dark-bg-color has-text-color\">Meilt\u00e4 voit tilata my\u00f6s leivonnaiset kotiin niin arkeen kuin juhlaan. Henkil\u00f6kuntamme valmistaa monenlaiset kakut ja kahvileiv\u00e4t ammattitaidolla. Kakkuhinnaston l\u00f6yd\u00e4t <a href=\"http:\/\/www.sarapalvelut.fi\/wp-content\/uploads\/2024\/09\/Kakkuhinnasto-PNG.png\"><mark style=\"background-color:rgba(0, 0, 0, 0)\" class=\"has-inline-color has-neve-link-hover-color-color\">t\u00e4\u00e4lt\u00e4<\/mark><\/a>. Huomioithan ett\u00e4 koristelun runsaus voi vaikuttaa hintaan. Kysy meilt\u00e4 my\u00f6s muista tuotteista, vastaamme joustavasti juuri sinun toiveisiisi.<\/p>\n\n\n\n<div style=\"height:20px\" aria-hidden=\"true\" class=\"wp-block-spacer\"><\/div>\n<\/div>\n\n\n\n<div class=\"wp-block-column is-vertically-aligned-center is-layout-flow wp-block-column-is-layout-flow\" style=\"flex-basis:50%\"><div class=\"wp-block-image\">\n<figure class=\"aligncenter size-full is-resized\"><img loading=\"lazy\" decoding=\"async\" width=\"1080\" height=\"1080\" src=\"http:\/\/www.sarapalvelut.fi\/wp-content\/uploads\/2024\/02\/IMG_20180218_143533_183.jpg\" alt=\"\" class=\"wp-image-113\" style=\"width:465px;height:auto\" srcset=\"https:\/\/www.sarapalvelut.fi\/wp-content\/uploads\/2024\/02\/IMG_20180218_143533_183.jpg 1080w, https:\/\/www.sarapalvelut.fi\/wp-content\/uploads\/2024\/02\/IMG_20180218_143533_183-300x300.jpg 300w, https:\/\/www.sarapalvelut.fi\/wp-content\/uploads\/2024\/02\/IMG_20180218_143533_183-1024x1024.jpg 1024w, https:\/\/www.sarapalvelut.fi\/wp-content\/uploads\/2024\/02\/IMG_20180218_143533_183-150x150.jpg 150w, https:\/\/www.sarapalvelut.fi\/wp-content\/uploads\/2024\/02\/IMG_20180218_143533_183-768x768.jpg 768w\" sizes=\"auto, (max-width: 1080px) 100vw, 1080px\" \/><\/figure>\n<\/div><\/div>\n<\/div>\n\n\n\n<div style=\"height:40px\" aria-hidden=\"true\" class=\"wp-block-spacer\"><\/div>\n<\/div><\/div>\n<\/div><\/div>\n\n\n\n<div style=\"height:75px\" aria-hidden=\"true\" class=\"wp-block-spacer\"><\/div>\n\n\n\n<h2 class=\"wp-block-heading has-text-align-center\">Kuvagalleria<\/h2>\n\n\n\n<div style=\"height:15px\" aria-hidden=\"true\" class=\"wp-block-spacer\"><\/div>\n\n\n\n<figure class=\"wp-block-gallery has-nested-images columns-default is-cropped wp-block-gallery-1 is-layout-flex wp-block-gallery-is-layout-flex\">\n<figure class=\"wp-block-image size-large\"><img loading=\"lazy\" decoding=\"async\" width=\"998\" height=\"1024\" data-id=\"25\" src=\"http:\/\/www.sarapalvelut.fi\/wp-content\/uploads\/2024\/01\/IMG_3147-scaled-e1705490582783-998x1024.jpg\" alt=\"\" class=\"wp-image-25\" srcset=\"https:\/\/www.sarapalvelut.fi\/wp-content\/uploads\/2024\/01\/IMG_3147-scaled-e1705490582783-998x1024.jpg 998w, https:\/\/www.sarapalvelut.fi\/wp-content\/uploads\/2024\/01\/IMG_3147-scaled-e1705490582783-292x300.jpg 292w, https:\/\/www.sarapalvelut.fi\/wp-content\/uploads\/2024\/01\/IMG_3147-scaled-e1705490582783-768x788.jpg 768w, https:\/\/www.sarapalvelut.fi\/wp-content\/uploads\/2024\/01\/IMG_3147-scaled-e1705490582783-1496x1536.jpg 1496w, https:\/\/www.sarapalvelut.fi\/wp-content\/uploads\/2024\/01\/IMG_3147-scaled-e1705490582783.jpg 1920w\" sizes=\"auto, (max-width: 998px) 100vw, 998px\" \/><\/figure>\n\n\n\n<figure class=\"wp-block-image size-large\"><img loading=\"lazy\" decoding=\"async\" width=\"1024\" height=\"1024\" data-id=\"111\" src=\"https:\/\/www.sarapalvelut.fi\/wp-content\/uploads\/2024\/02\/IMG_20190908_142530_983-1024x1024.jpg\" alt=\"\" class=\"wp-image-111\" srcset=\"https:\/\/www.sarapalvelut.fi\/wp-content\/uploads\/2024\/02\/IMG_20190908_142530_983-1024x1024.jpg 1024w, https:\/\/www.sarapalvelut.fi\/wp-content\/uploads\/2024\/02\/IMG_20190908_142530_983-300x300.jpg 300w, https:\/\/www.sarapalvelut.fi\/wp-content\/uploads\/2024\/02\/IMG_20190908_142530_983-150x150.jpg 150w, https:\/\/www.sarapalvelut.fi\/wp-content\/uploads\/2024\/02\/IMG_20190908_142530_983-768x768.jpg 768w, https:\/\/www.sarapalvelut.fi\/wp-content\/uploads\/2024\/02\/IMG_20190908_142530_983.jpg 1072w\" sizes=\"auto, (max-width: 1024px) 100vw, 1024px\" \/><\/figure>\n\n\n\n<figure class=\"wp-block-image size-large\"><img decoding=\"async\" data-id=\"156\" src=\"https:\/\/www.sarapalvelut.fi\/wp-content\/uploads\/2024\/03\/DSC_0129.jpg\" alt=\"\" class=\"wp-image-156\"\/><\/figure>\n\n\n\n<figure class=\"wp-block-image size-large\"><img loading=\"lazy\" decoding=\"async\" width=\"1024\" height=\"683\" data-id=\"259\" src=\"http:\/\/www.sarapalvelut.fi\/wp-content\/uploads\/2024\/03\/Hyytelokakut-1024x683.jpg\" alt=\"Hyytel\u00f6kakku limell\u00e4\" class=\"wp-image-259\" srcset=\"https:\/\/www.sarapalvelut.fi\/wp-content\/uploads\/2024\/03\/Hyytelokakut-1024x683.jpg 1024w, https:\/\/www.sarapalvelut.fi\/wp-content\/uploads\/2024\/03\/Hyytelokakut-300x200.jpg 300w, https:\/\/www.sarapalvelut.fi\/wp-content\/uploads\/2024\/03\/Hyytelokakut-768x512.jpg 768w, https:\/\/www.sarapalvelut.fi\/wp-content\/uploads\/2024\/03\/Hyytelokakut-1536x1024.jpg 1536w, https:\/\/www.sarapalvelut.fi\/wp-content\/uploads\/2024\/03\/Hyytelokakut-2048x1365.jpg 2048w\" sizes=\"auto, (max-width: 1024px) 100vw, 1024px\" \/><\/figure>\n\n\n\n<figure class=\"wp-block-image size-large\"><img loading=\"lazy\" decoding=\"async\" width=\"1024\" height=\"1024\" data-id=\"205\" src=\"https:\/\/www.sarapalvelut.fi\/wp-content\/uploads\/2024\/03\/IMG_20200301_221841_727-1024x1024.jpg\" alt=\"\" class=\"wp-image-205\" srcset=\"https:\/\/www.sarapalvelut.fi\/wp-content\/uploads\/2024\/03\/IMG_20200301_221841_727-1024x1024.jpg 1024w, https:\/\/www.sarapalvelut.fi\/wp-content\/uploads\/2024\/03\/IMG_20200301_221841_727-300x300.jpg 300w, https:\/\/www.sarapalvelut.fi\/wp-content\/uploads\/2024\/03\/IMG_20200301_221841_727-150x150.jpg 150w, https:\/\/www.sarapalvelut.fi\/wp-content\/uploads\/2024\/03\/IMG_20200301_221841_727-768x768.jpg 768w, https:\/\/www.sarapalvelut.fi\/wp-content\/uploads\/2024\/03\/IMG_20200301_221841_727.jpg 1424w\" sizes=\"auto, (max-width: 1024px) 100vw, 1024px\" \/><\/figure>\n\n\n\n<figure class=\"wp-block-image size-large\"><img loading=\"lazy\" decoding=\"async\" width=\"1024\" height=\"576\" data-id=\"155\" src=\"https:\/\/www.sarapalvelut.fi\/wp-content\/uploads\/2024\/03\/lounas-1024x576.jpg\" alt=\"\" class=\"wp-image-155\" srcset=\"https:\/\/www.sarapalvelut.fi\/wp-content\/uploads\/2024\/03\/lounas-1024x576.jpg 1024w, https:\/\/www.sarapalvelut.fi\/wp-content\/uploads\/2024\/03\/lounas-300x169.jpg 300w, https:\/\/www.sarapalvelut.fi\/wp-content\/uploads\/2024\/03\/lounas-768x432.jpg 768w, https:\/\/www.sarapalvelut.fi\/wp-content\/uploads\/2024\/03\/lounas.jpg 1200w\" sizes=\"auto, (max-width: 1024px) 100vw, 1024px\" \/><\/figure>\n\n\n\n<figure class=\"wp-block-image size-large\"><img loading=\"lazy\" decoding=\"async\" width=\"1707\" height=\"2560\" data-id=\"221\" src=\"https:\/\/www.sarapalvelut.fi\/wp-content\/uploads\/2024\/03\/DSC_0163-scaled.jpg\" alt=\"\" class=\"wp-image-221\"\/><\/figure>\n\n\n\n<figure class=\"wp-block-image size-large\"><img loading=\"lazy\" decoding=\"async\" width=\"768\" height=\"1024\" data-id=\"187\" src=\"https:\/\/www.sarapalvelut.fi\/wp-content\/uploads\/2024\/03\/f95b8213-6f2d-487c-84e5-e38a9164f1e5-768x1024.jpg\" alt=\"\" class=\"wp-image-187\" srcset=\"https:\/\/www.sarapalvelut.fi\/wp-content\/uploads\/2024\/03\/f95b8213-6f2d-487c-84e5-e38a9164f1e5-768x1024.jpg 768w, https:\/\/www.sarapalvelut.fi\/wp-content\/uploads\/2024\/03\/f95b8213-6f2d-487c-84e5-e38a9164f1e5-225x300.jpg 225w, https:\/\/www.sarapalvelut.fi\/wp-content\/uploads\/2024\/03\/f95b8213-6f2d-487c-84e5-e38a9164f1e5-1152x1536.jpg 1152w, https:\/\/www.sarapalvelut.fi\/wp-content\/uploads\/2024\/03\/f95b8213-6f2d-487c-84e5-e38a9164f1e5.jpg 1500w\" sizes=\"auto, (max-width: 768px) 100vw, 768px\" \/><\/figure>\n\n\n\n<figure class=\"wp-block-image size-large\"><img loading=\"lazy\" decoding=\"async\" width=\"1024\" height=\"1024\" data-id=\"114\" src=\"https:\/\/www.sarapalvelut.fi\/wp-content\/uploads\/2024\/02\/IMG_20190206_223105_736-1024x1024.jpg\" alt=\"\" class=\"wp-image-114\" srcset=\"https:\/\/www.sarapalvelut.fi\/wp-content\/uploads\/2024\/02\/IMG_20190206_223105_736-1024x1024.jpg 1024w, https:\/\/www.sarapalvelut.fi\/wp-content\/uploads\/2024\/02\/IMG_20190206_223105_736-300x300.jpg 300w, https:\/\/www.sarapalvelut.fi\/wp-content\/uploads\/2024\/02\/IMG_20190206_223105_736-150x150.jpg 150w, https:\/\/www.sarapalvelut.fi\/wp-content\/uploads\/2024\/02\/IMG_20190206_223105_736-768x768.jpg 768w, https:\/\/www.sarapalvelut.fi\/wp-content\/uploads\/2024\/02\/IMG_20190206_223105_736.jpg 1080w\" sizes=\"auto, (max-width: 1024px) 100vw, 1024px\" \/><\/figure>\n\n\n\n<figure class=\"wp-block-image size-large\"><img loading=\"lazy\" decoding=\"async\" width=\"768\" height=\"1024\" data-id=\"186\" src=\"https:\/\/www.sarapalvelut.fi\/wp-content\/uploads\/2024\/03\/920d22c3-bd03-4f24-b5f1-988bd46ed54e-768x1024.jpg\" alt=\"\" class=\"wp-image-186\" srcset=\"https:\/\/www.sarapalvelut.fi\/wp-content\/uploads\/2024\/03\/920d22c3-bd03-4f24-b5f1-988bd46ed54e-768x1024.jpg 768w, https:\/\/www.sarapalvelut.fi\/wp-content\/uploads\/2024\/03\/920d22c3-bd03-4f24-b5f1-988bd46ed54e-225x300.jpg 225w, https:\/\/www.sarapalvelut.fi\/wp-content\/uploads\/2024\/03\/920d22c3-bd03-4f24-b5f1-988bd46ed54e-1152x1536.jpg 1152w, https:\/\/www.sarapalvelut.fi\/wp-content\/uploads\/2024\/03\/920d22c3-bd03-4f24-b5f1-988bd46ed54e.jpg 1200w\" sizes=\"auto, (max-width: 768px) 100vw, 768px\" \/><\/figure>\n\n\n\n<figure class=\"wp-block-image size-large\"><img loading=\"lazy\" decoding=\"async\" width=\"2560\" height=\"1707\" data-id=\"77\" src=\"http:\/\/www.sarapalvelut.fi\/wp-content\/uploads\/2024\/01\/DSC_0050-scaled.jpg\" alt=\"\" class=\"wp-image-77\" srcset=\"https:\/\/www.sarapalvelut.fi\/wp-content\/uploads\/2024\/01\/DSC_0050-scaled.jpg 2560w, https:\/\/www.sarapalvelut.fi\/wp-content\/uploads\/2024\/01\/DSC_0050-300x200.jpg 300w\" sizes=\"auto, (max-width: 2560px) 100vw, 2560px\" \/><\/figure>\n\n\n\n<figure class=\"wp-block-image size-large\"><img loading=\"lazy\" decoding=\"async\" width=\"1024\" height=\"1024\" data-id=\"110\" src=\"https:\/\/www.sarapalvelut.fi\/wp-content\/uploads\/2024\/02\/IMG_20171224_124824_986-1024x1024.jpg\" alt=\"\" class=\"wp-image-110\" srcset=\"https:\/\/www.sarapalvelut.fi\/wp-content\/uploads\/2024\/02\/IMG_20171224_124824_986-1024x1024.jpg 1024w, https:\/\/www.sarapalvelut.fi\/wp-content\/uploads\/2024\/02\/IMG_20171224_124824_986-300x300.jpg 300w, https:\/\/www.sarapalvelut.fi\/wp-content\/uploads\/2024\/02\/IMG_20171224_124824_986-150x150.jpg 150w, https:\/\/www.sarapalvelut.fi\/wp-content\/uploads\/2024\/02\/IMG_20171224_124824_986-768x768.jpg 768w, https:\/\/www.sarapalvelut.fi\/wp-content\/uploads\/2024\/02\/IMG_20171224_124824_986-1536x1536.jpg 1536w, https:\/\/www.sarapalvelut.fi\/wp-content\/uploads\/2024\/02\/IMG_20171224_124824_986-2048x2048.jpg 2048w\" sizes=\"auto, (max-width: 1024px) 100vw, 1024px\" \/><\/figure>\n\n\n\n<figure class=\"wp-block-image size-large\"><img decoding=\"async\" data-id=\"48\" src=\"http:\/\/www.sarapalvelut.fi\/wp-content\/uploads\/2024\/01\/DSC_0095.jpg\" alt=\"\" class=\"wp-image-48\"\/><\/figure>\n\n\n\n<figure class=\"wp-block-image size-large\"><img loading=\"lazy\" decoding=\"async\" width=\"2560\" height=\"1707\" data-id=\"64\" src=\"http:\/\/www.sarapalvelut.fi\/wp-content\/uploads\/2024\/01\/DSC_0008-scaled.jpg\" alt=\"\" class=\"wp-image-64\" srcset=\"https:\/\/www.sarapalvelut.fi\/wp-content\/uploads\/2024\/01\/DSC_0008-scaled.jpg 2560w, https:\/\/www.sarapalvelut.fi\/wp-content\/uploads\/2024\/01\/DSC_0008-300x200.jpg 300w\" sizes=\"auto, (max-width: 2560px) 100vw, 2560px\" \/><\/figure>\n<\/figure>\n\n\n\n<div style=\"height:112px\" aria-hidden=\"true\" class=\"wp-block-spacer\"><\/div>\n","protected":false},"excerpt":{"rendered":"<p>Kuvagalleria<\/p>\n","protected":false},"author":1,"featured_media":0,"parent":0,"menu_order":0,"comment_status":"closed","ping_status":"closed","template":"","meta":{"neve_meta_sidebar":"","neve_meta_container":"","neve_meta_enable_content_width":"on","neve_meta_content_width":100,"neve_meta_title_alignment":"","neve_meta_author_avatar":"","neve_post_elements_order":"","neve_meta_disable_header":"","neve_meta_disable_footer":"","neve_meta_disable_title":"on","footnotes":""},"class_list":["post-8","page","type-page","status-publish","hentry"],"_links":{"self":[{"href":"https:\/\/www.sarapalvelut.fi\/index.php\/wp-json\/wp\/v2\/pages\/8","targetHints":{"allow":["GET"]}}],"collection":[{"href":"https:\/\/www.sarapalvelut.fi\/index.php\/wp-json\/wp\/v2\/pages"}],"about":[{"href":"https:\/\/www.sarapalvelut.fi\/index.php\/wp-json\/wp\/v2\/types\/page"}],"author":[{"embeddable":true,"href":"https:\/\/www.sarapalvelut.fi\/index.php\/wp-json\/wp\/v2\/users\/1"}],"replies":[{"embeddable":true,"href":"https:\/\/www.sarapalvelut.fi\/index.php\/wp-json\/wp\/v2\/comments?post=8"}],"version-history":[{"count":160,"href":"https:\/\/www.sarapalvelut.fi\/index.php\/wp-json\/wp\/v2\/pages\/8\/revisions"}],"predecessor-version":[{"id":816,"href":"https:\/\/www.sarapalvelut.fi\/index.php\/wp-json\/wp\/v2\/pages\/8\/revisions\/816"}],"wp:attachment":[{"href":"https:\/\/www.sarapalvelut.fi\/index.php\/wp-json\/wp\/v2\/media?parent=8"}],"curies":[{"name":"wp","href":"https:\/\/api.w.org\/{rel}","templated":true}]}}